**3 + 16*r**2 + 5*r - 54. Let a be b(7). Let v = 987 - a. List the prime factors of v.
5, 113
Suppose -2*t = 15*y - 11*y + 6, 0 = -2*y + 2*t + 6. Suppose 3*d - 326 - 385 = y. What are the prime factors of d?
3, 79
Let k be (4/(-8))/((-4)/88). Suppose -2*s + k*s = 12*s. What are the prime factors of 6016/40 - (3/(-5) + s)?
151
Let n(x) = 37*x**2 + 6*x - 9. Let w be n(-4). Suppose -6*o + 2537 + w = 0. List the prime factors of o.
2, 3, 43
What are the prime factors of (1 + 1)/(11 + (-1125969)/102362)?
2, 31, 127
Suppose 2*b - 28 = -3*i + b, -5*i = 5*b - 40. Suppose -i*k = -7868 - 332. What are the prime factors of k?
2, 5, 41
Suppose 2*s = 4*q - 50, 2*s + 0*q + 45 = 3*q. Let g be (-3)/s + 1256/20. List the prime factors of 3/(g/1353) + 3/(-7).
2
Suppose -10 = -3*u + 2*t, -6*u + 7*u - 4 = t. Let c(i) = 6*i**2 - i**u + 2*i + 0*i**2 + 3*i + 11. What are the prime factors of c(-6)?
7, 23
Let m(u) = 3*u**2 - 21*u + 796. What are the prime factors of m(31)?
2, 757
Suppose 126258 = 68*x - 413186. List the prime factors of x.
7933
Let o(c) = 4*c**3 - 9*c**2 - 3*c + 7. Let v(m) = -m**3 - 6*m**2 - 4*m + 10. Let t be v(-5). What are the prime factors of o(t)?
3, 89
Let r = 746 + -738. Suppose -r*d + 5009 + 3695 = 0. What are the prime factors of d?
2, 17
Suppose 52*c + 34575 = 17382 + 109025. List the prime factors of c.
2, 883
Suppose -3*v - 2073 + 471 = 0. Let l = v + 902. List the prime factors of l.
2, 23
Suppose -60167 - 88883 = -5*y. List the prime factors of y.
2, 5, 11, 271
Suppose 13*q = -4*q + 301410. Suppose 20*x - 2270 - q = 0. What are the prime factors of x?
2, 5
Suppose -5*m - 24 = 111. Let z = m - -53. Suppose 5*x = z + 109. What are the prime factors of x?
3
Suppose -36*d + 475065 + 921446 = -728929. List the prime factors of d.
2, 3, 5, 41
Suppose -12*h = 4*i - 162484, 2*i - h - 40649 = i. List the prime factors of i.
2, 7, 2903
Let z be ((-10)/(-6))/(4/(-168)). Let y be (-28)/(-6)*5/(z/(-21)). Suppose 3*p + y - 13 = 0. List the prime factors of p.
2
Suppose 5*s + 795 = -120. Let z = -50 - s. Let m = z - -26. List the prime factors of m.
3, 53
Let m be (-30)/(-40) - (-26)/8. Suppose 5*s - 5*t = 1425, -m*s - 5*t + 984 + 138 = 0. List the prime factors of s.
283
Let t(z) = 3*z**3 - 10*z**2 + 13*z - 6. Let u be t(3). Suppose 87 = 4*s - 41. Let p = s + u. List the prime factors of p.
2, 7
Suppose 0 = 62*q + 82*q + 78*q - 1108224. List the prime factors of q.
2, 3, 13
Suppose -2175 = -5*w + 5*c, -4*w + 3*c = -262 - 1481. List the prime factors of w.
2, 3, 73
Let h = 221 - 219. Suppose 3*l - 1503 = o, -2*o + 1002 = h*l - 0*o. What are the prime factors of l?
3, 167
Suppose 13*i - 4 = -4. Suppose -2*b + 4*b - 58 = i. List the prime factors of b.
29
Suppose -4*k = 3*l - 0 + 5, -40 = -3*l + 5*k. Suppose -51 = -u - g + 71, u - l*g = 116. What are the prime factors of u?
11
Suppose 2*z + 4*w = 6*z - 15572, -7768 = -2*z - w. What are the prime factors of z?
13, 23
Suppose 0 = 4*j - 4*j + 8*j - 166416. What are the prime factors of j?
2, 3, 3467
Suppose -5*j - 3*t + 106510 = 0, 418*j - 420*j + 5*t = -42573. List the prime factors of j.
19, 59
Let j(v) be the third derivative of v**6/120 - v**5/6 - v**4/8 + 17*v**3/6 + 6*v**2 - 2. What are the prime factors of j(12)?
269
Let m(x) = x**2 - x - 22. Let g = -143 - -61. Let o = g + 76. What are the prime factors of m(o)?
2, 5
Suppose -240*o + 235*o + 10 = 0. Suppose 1353 = 5*b - o*d, -2*d = 5*b - 1472 + 115. What are the prime factors of b?
271
Let s be (91 - 92)/((-2)/10). Suppose -3*p = -s*j + 3*j - 2259, -5*p + 3765 = -5*j. What are the prime factors of p?
3, 251
Let g(x) = -3*x**3 - x**2 - 9*x + 20. Let j(v) = 15*v**3 + 6*v**2 + 45*v - 100. Let i(d) = -11*g(d) - 2*j(d). List the prime factors of i(6).
2, 17, 19
Suppose -26644 = -52*s + 39644 + 8800. List the prime factors of s.
2, 19
Suppose -9757 = -20*h + 9443. List the prime factors of (1 + 1)/(6/h).
2, 5
Suppose 0*l - f - 228124 = -5*l, 0 = -l + 9*f + 45572. What are the prime factors of l?
2, 7, 3259
Suppose 0 = -4*k - 8, -3*s - 5 - 80 = -4*k. Let a = -29 - s. Suppose 0 = -2*l - a*w + 176, 3 - 7 = -4*w. What are the prime factors of l?
3, 29
Suppose 3*t - 131 = -2*p + 38, -5*p + 426 = 4*t. Let d = -86 + p. Suppose 0 = -2*o - d*v - v + 168, 4*o - v = 330. List the prime factors of o.
83
Let r be (-2)/4 - ((-171801)/(-18))/(-9). Suppose -r + 148 = -3*j. List the prime factors of j.
2, 19
Let b be (3/(-2))/(33/(-88)). Let p = b + -16. Let i(y) = -9*y + 26. List the prime factors of i(p).
2, 67
Let u = -11384 - -17978. List the prime factors of u.
2, 3, 7, 157
Let h(v) = -29*v + 1. Let s be h(1). Let c be (-3432)/s + 4/(-7). Let z = c - 71. List the prime factors of z.
3, 17
Suppose 0 = s - 0*k + 3*k + 17, 0 = -4*s - 2*k - 18. Let l be 64/(-8)*1/s. Suppose -d + 101 = v + 4, -484 = -5*v - l*d. What are the prime factors of v?
2, 3
Suppose -7*j = -4*j - 36. Suppose 328 - 2932 = -j*d. Suppose d - 737 = -5*t. List the prime factors of t.
2, 13
Let p(a) = -2*a**3 - 194*a + 99*a + 95*a. Let g be p(-2). Suppose 0 = 2*x - 256 - g. What are the prime factors of x?
2, 17
Let a be 0 - 5 - (6 - 12). Suppose -79 - a = 4*t. Let z = t + 96. What are the prime factors of z?
2, 19
Let c(n) = -n**2 + 10*n - 2. Let s be c(10). Let i be s/5 - 738/(-45). Suppose -25*l + i = -23*l. What are the prime factors of l?
2
Suppose 0 = -3*y - 4*v - 0*v + 787, 2*v = -3*y + 791. Let n = -183 + y. Suppose 4*o = n + 82. What are the prime factors of o?
41
Suppose 5833 = -7*d + 2*d + 35328. List the prime factors of d.
17, 347
Let y(v) = 15*v + 43. Let b be y(5). Let l = -121 - -290. Let z = l - b. What are the prime factors of z?
3, 17
Let o be 6 + (-10)/(-5)*-2 - -1. Suppose z + 4*z - 2415 = 4*t, 0 = o*z + 4*t - 1481. What are the prime factors of z?
487
Suppose -43*y + 36147 = 10*y - 61638. What are the prime factors of y?
3, 5, 41
Let g(l) = 49*l**2 - 34*l - 12. Let v be g(-6). Suppose 16*t - 22*t = -v. What are the prime factors of t?
2, 163
Suppose -f + 2*f = -5*h - 2, -5*f + h + 94 = 0. Let x(k) = 32*k + 15. What are the prime factors of x(f)?
3, 197
Suppose -2*c = 2*q + 178, -5*c + 68 + 243 = -4*q. What are the prime factors of q/(-14)*(2 + (-650)/(-6))?
2, 331
Suppose 39*i - 13*i - 17*i - 77796 = 0. List the prime factors of i.
2, 2161
Suppose -2*t - 61 = -5*q - 7, 3*t - 9 = 0. Let h(x) = x**3 - 12*x**2 - 2*x. Let p be h(q). Let u = 30 + p. What are the prime factors of u?
2, 3
Let h(v) be the third derivative of -167*v**4/24 - 17*v**3/6 + 34*v**2. Let m be h(-4). List the prime factors of m/4 - (-4)/16.
163
Suppose -16*g - 91377 = -27*g. List the prime factors of g.
3, 13, 71
Let h(b) = -b - 1. Let g(o) = 8*o - 35. Let w(x) = -g(x) - 6*h(x). Let r be w(17). Suppose 5*t - r*t = -62. List the prime factors of t.
31
Let b(p) = -2*p + 5. Let l be b(4). Let c be 2/(-3) - l/((-18)/(-22)). List the prime factors of c/(2/(546/9)).
7, 13
Let m = -242 + 577. Suppose 0 = b - m - 594. What are the prime factors of b?
929
Let o(q) = 60*q**2 + 2*q + 8. Let f(a) = -120*a**2 - 3*a - 16. Let l(c) = -2*f(c) - 5*o(c). Let w be l(7). What are the prime factors of 12/(-54) - w/27?
2, 5, 11
Suppose 9*k = 1921 - 1678. Let y = -5 + 31. Suppose 98 = k*w - y*w. What are the prime factors of w?
2, 7
Let p be ((-1)/1)/((-15)/(-1065)). Let c = p - -75. What are the prime factors of (-525)/10*c/(-3)?
2, 5, 7
Let c(b) = 2253*b**2 - 91*b - 31. What are the prime factors of c(4)?
101, 353
Let l(x) = 341*x - 1474. What are the prime factors of l(6)?
2, 11, 13
Let v = -115 + 480. Let k = 648 - v. What are the prime factors of k?
283
Let m = 184 - 122. Let a = -62 + m. Suppose -2*u - 3*u = -4*t + 62, 2*t + u - 24 = a. List the prime factors of t.
13
Let o(x) be the second derivative of -19*x**5/20 + x**4/3 - 2*x**3/3 - 5*x**2/2 + 6*x. Let w be (-156)/48 + 10/8. List the prime factors of o(w).
3, 19
Suppose -33*f = -28*f - 3740. Let j = 369 + f. What are the prime factors of j?
1117
Suppose -18*n = -2*z - 1605996, n - 98*z - 89257 = -94*z. What are the prime factors of n?
11, 8111
Let v = 19519 - 2246. List the prime factors of v.
23, 751
Let f(s) = -1117*s - 602. What are the prime factors of f(-19)?
17, 1213
Let m(y) = 2143*y - 4505. List the prime factors of m(12).
21211
Let o(v) = v + 2. Let f be o(2). 